{"id":12523,"date":"2022-07-20T07:18:09","date_gmt":"2022-07-20T07:18:09","guid":{"rendered":"https:\/\/mf.aquariushost.net\/?page_id=12523"},"modified":"2026-03-06T12:19:24","modified_gmt":"2026-03-06T12:19:24","slug":"opsti-uslovi-poslovanja-s","status":"publish","type":"page","link":"https:\/\/mfbanka.com\/index.php\/opsti-uslovi-poslovanja-s\/","title":{"rendered":"OP\u0160TI USLOVI POSLOVANJA"},"content":{"rendered":"\t\t<div data-elementor-type=\"wp-page\" data-elementor-id=\"12523\" class=\"elementor elementor-12523\" data-elementor-settings=\"{&quot;ha_cmc_init_switcher&quot;:&quot;no&quot;}\" data-elementor-post-type=\"page\">\n\t\t\t\t\t\t<section class=\"elementor-section elementor-top-section elementor-element elementor-element-021ea3c elementor-section-boxed elementor-section-height-default elementor-section-height-default cmsmasters-block-default\" data-id=\"021ea3c\" data-element_type=\"section\" data-settings=\"{&quot;_ha_eqh_enable&quot;:false}\">\n\t\t\t\t\t\t<div class=\"elementor-container elementor-column-gap-default\">\n\t\t\t\t\t<div class=\"elementor-column elementor-col-100 elementor-top-column elementor-element elementor-element-93f2ba5\" data-id=\"93f2ba5\" data-element_type=\"column\">\n\t\t\t<div class=\"elementor-widget-wrap elementor-element-populated\">\n\t\t\t\t\t\t<div class=\"elementor-element elementor-element-054c192 elementor-align-left elementor-icon-list--layout-traditional elementor-list-item-link-full_width cmsmasters-block-default cmsmasters-sticky-default elementor-widget elementor-widget-icon-list\" data-id=\"054c192\" data-element_type=\"widget\" data-widget_type=\"icon-list.default\">\n\t\t\t\t<div class=\"elementor-widget-container\">\n\t\t\t\t\t\t\t<ul class=\"elementor-icon-list-items\">\n\t\t\t\t\t\t\t<li class=\"elementor-icon-list-item\">\n\t\t\t\t\t\t\t\t\t\t\t<a href=\"https:\/\/mfbanka.com\/wp-content\/uploads\/2026\/02\/Opsti-uslovi-poslovanja-za-RS-br.-NO-39-2026-od-29.01.2026.pdf\" target=\"_blank\">\n\n\t\t\t\t\t\t\t\t\t\t\t<span class=\"elementor-icon-list-text\">Op\u0161ti uslovi poslovanja MF banka a.d. za RS br. NO-39-2026 od 29.01.2026.<\/span>\n\t\t\t\t\t\t\t\t\t\t\t<\/a>\n\t\t\t\t\t\t\t\t\t<\/li>\n\t\t\t\t\t\t\t\t<li class=\"elementor-icon-list-item\">\n\t\t\t\t\t\t\t\t\t\t\t<a href=\"https:\/\/mfbanka.com\/wp-content\/uploads\/2026\/02\/Opsti-uslovi-poslovanja-za-FBiH-br.-NO-39-1-2026-od-29.01.2026.pdf\" target=\"_blank\">\n\n\t\t\t\t\t\t\t\t\t\t\t<span class=\"elementor-icon-list-text\">Op\u0161ti uslovi poslovanja MF banka a.d. za FBiH br. NO-39-1-2026 od 29.01.2026.<\/span>\n\t\t\t\t\t\t\t\t\t\t\t<\/a>\n\t\t\t\t\t\t\t\t\t<\/li>\n\t\t\t\t\t\t\t\t<li class=\"elementor-icon-list-item\">\n\t\t\t\t\t\t\t\t\t\t\t<a href=\"https:\/\/mfbanka.com\/wp-content\/uploads\/2026\/02\/NAKNADE-ZA-USLUGE-U-POSLOVANJU-SA-FIZICKIM-LICIMA-FEBRUAR-2026.pdf\" target=\"_blank\">\n\n\t\t\t\t\t\t\t\t\t\t\t<span class=\"elementor-icon-list-text\">Naknade za usluge u poslovanju sa fizi\u010dkim licima \u201cMF banka \u201c a.d. Banja Luka<\/span>\n\t\t\t\t\t\t\t\t\t\t\t<\/a>\n\t\t\t\t\t\t\t\t\t<\/li>\n\t\t\t\t\t\t\t\t<li class=\"elementor-icon-list-item\">\n\t\t\t\t\t\t\t\t\t\t\t<a href=\"https:\/\/mfbanka.com\/wp-content\/uploads\/2026\/03\/PREGLED-VAZECIH-KAMATA-NA-DEPOZITE-PRAVNIH-LICAPREDUZETNIKA-I-FIZICKIH-L.-29.01.2026.pdf\" target=\"_blank\">\n\n\t\t\t\t\t\t\t\t\t\t\t<span class=\"elementor-icon-list-text\">Pregled va\u017ee\u0107ih kamatnih stopa na depozite pravnih lica, preduzetnika i fizi\u010dkih lica<\/span>\n\t\t\t\t\t\t\t\t\t\t\t<\/a>\n\t\t\t\t\t\t\t\t\t<\/li>\n\t\t\t\t\t\t\t\t<li class=\"elementor-icon-list-item\">\n\t\t\t\t\t\t\t\t\t\t\t<a href=\"https:\/\/mfbanka.com\/wp-content\/uploads\/2026\/01\/Pravilnik-za-koristenje-digitalnog-bankarstva-MF-banka-a.d.-Banja-Luka.pdf\" target=\"_blank\">\n\n\t\t\t\t\t\t\t\t\t\t\t<span class=\"elementor-icon-list-text\">Pravilnik za kori\u0161tenje digitalnog bankarstva MF banke a.d. Banja Luka<\/span>\n\t\t\t\t\t\t\t\t\t\t\t<\/a>\n\t\t\t\t\t\t\t\t\t<\/li>\n\t\t\t\t\t\t\t\t<li class=\"elementor-icon-list-item\">\n\t\t\t\t\t\t\t\t\t\t\t<a href=\"https:\/\/mfbanka.com\/wp-content\/uploads\/2026\/01\/Pravilnik-za-koristenje-Visa-platnih-kartica-MF-banke-a.d.-Banja-Luka.pdf\" target=\"_blank\">\n\n\t\t\t\t\t\t\t\t\t\t\t<span class=\"elementor-icon-list-text\">Pravilnik za kori\u0161tenje Visa platnih kartica MF banke a.d. Banja Luka<\/span>\n\t\t\t\t\t\t\t\t\t\t\t<\/a>\n\t\t\t\t\t\t\t\t\t<\/li>\n\t\t\t\t\t\t<\/ul>\n\t\t\t\t\t\t<\/div>\n\t\t\t\t<\/div>\n\t\t\t\t\t<\/div>\n\t\t<\/div>\n\t\t\t\t\t<\/div>\n\t\t<\/section>\n\t\t\t\t<\/div>\n\t\t","protected":false},"excerpt":{"rendered":"<p>Op\u0161ti uslovi poslovanja MF banka a.d. za RS br. NO-39-2026 od 29.01.2026. Op\u0161ti uslovi poslovanja MF banka a.d. za FBiH br. NO-39-1-2026 od 29.01.2026. Naknade za usluge u poslovanju sa fizi\u010dkim licima \u201cMF banka \u201c a.d. Banja Luka Pregled va\u017ee\u0107ih kamatnih stopa na depozite pravnih lica, preduzetnika i fizi\u010dkih lica Pravilnik za kori\u0161tenje digitalnog bankarstva&#8230;<\/p>\n","protected":false},"author":1,"featured_media":0,"parent":0,"menu_order":0,"comment_status":"closed","ping_status":"closed","template":"","meta":{"inline_featured_image":false,"footnotes":""},"class_list":["post-12523","page","type-page","status-publish","hentry"],"_links":{"self":[{"href":"https:\/\/mfbanka.com\/index.php\/wp-json\/wp\/v2\/pages\/12523","targetHints":{"allow":["GET"]}}],"collection":[{"href":"https:\/\/mfbanka.com\/index.php\/wp-json\/wp\/v2\/pages"}],"about":[{"href":"https:\/\/mfbanka.com\/index.php\/wp-json\/wp\/v2\/types\/page"}],"author":[{"embeddable":true,"href":"https:\/\/mfbanka.com\/index.php\/wp-json\/wp\/v2\/users\/1"}],"replies":[{"embeddable":true,"href":"https:\/\/mfbanka.com\/index.php\/wp-json\/wp\/v2\/comments?post=12523"}],"version-history":[{"count":97,"href":"https:\/\/mfbanka.com\/index.php\/wp-json\/wp\/v2\/pages\/12523\/revisions"}],"predecessor-version":[{"id":24006,"href":"https:\/\/mfbanka.com\/index.php\/wp-json\/wp\/v2\/pages\/12523\/revisions\/24006"}],"wp:attachment":[{"href":"https:\/\/mfbanka.com\/index.php\/wp-json\/wp\/v2\/media?parent=12523"}],"curies":[{"name":"wp","href":"https:\/\/api.w.org\/{rel}","templated":true}]}}